{"id":722,"date":"2022-03-13T17:28:07","date_gmt":"2022-03-13T17:28:07","guid":{"rendered":"https:\/\/rundgang.museum-weissenfels.de\/?post_type=pano_objects&#038;p=722"},"modified":"2022-04-11T16:01:27","modified_gmt":"2022-04-11T16:01:27","slug":"das-deckengemaelde-von-harms","status":"publish","type":"pano_objects","link":"https:\/\/rundgang.museum-weissenfels.de\/en\/pano_objects\/das-deckengemaelde-von-harms\/","title":{"rendered":"Das Deckengem\u00e4lde"},"content":{"rendered":"\n<div class=\"wp-block-columns is-layout-flex wp-container-core-columns-is-layout-9d6595d7 wp-block-columns-is-layout-flex\">\n<div class=\"wp-block-column is-layout-flow wp-block-column-is-layout-flow\" style=\"flex-basis:66.66%\">\n<p>Nach Studienaufenthalten in Italien wirkte der Maler Johann Oswald Harms (1643\u20131708) u.a. am herzoglichen Hof in Zeitz sowie am kurf\u00fcrstlichen Hof in Dresden. Ab 1682 schuf er dieses und einige andere Deckengem\u00e4lde am Wei\u00dfenfelser Schlossneubau aus. Sein Entwurf f\u00fcr das ovale Deckengem\u00e4lde, das eine illusionistische Kuppeluntersicht zeigt, ist erhalten. Von der Ausf\u00fchrung existiert allerdings nur noch ein Fragment. Auch im ehemaligen Blauen Gemach der Herzogin werden Reste eines Deckengem\u00e4ldes von Harms vermutet.<\/p>\n\n\n\n<p>1686 ging der Maler nach Braunschweig, wo er 1708 starb. Im dortigen Herzog Anton Ulrich-Museum wird sein umfangreicher Nachlass aufbewahrt \u2013 darunter seine Entw\u00fcrfe f\u00fcr die Deckengem\u00e4lde des Wei\u00dfenfelser Schlosses.<\/p>\n<\/div>\n\n\n\n<div class=\"wp-block-column is-layout-flow wp-block-column-is-layout-flow\" style=\"flex-basis:33.33%\">\n<figure class=\"wp-block-image size-full\"><a href=\"https:\/\/rundgang.museum-weissenfels.de\/wp-content\/uploads\/2022\/03\/gr_Vorzimmer_Harms.jpg\" rel=\"lightbox[722]\"><img loading=\"lazy\" decoding=\"async\" width=\"800\" height=\"590\" src=\"https:\/\/rundgang.museum-weissenfels.de\/wp-content\/uploads\/2022\/03\/gr_Vorzimmer_Harms.jpg\" alt=\"\" class=\"wp-image-935\" srcset=\"https:\/\/rundgang.museum-weissenfels.de\/wp-content\/uploads\/2022\/03\/gr_Vorzimmer_Harms.jpg 800w, https:\/\/rundgang.museum-weissenfels.de\/wp-content\/uploads\/2022\/03\/gr_Vorzimmer_Harms-300x221.jpg 300w, https:\/\/rundgang.museum-weissenfels.de\/wp-content\/uploads\/2022\/03\/gr_Vorzimmer_Harms-768x566.jpg 768w, https:\/\/rundgang.museum-weissenfels.de\/wp-content\/uploads\/2022\/03\/gr_Vorzimmer_Harms-694x512.jpg 694w, https:\/\/rundgang.museum-weissenfels.de\/wp-content\/uploads\/2022\/03\/gr_Vorzimmer_Harms-347x256.jpg 347w\" sizes=\"auto, (max-width: 800px) 100vw, 800px\" \/><\/a><figcaption>Abb. 1: Johann Oswald Harms: Entwurf des Deckengem\u00e4ldes\n(Wei\u00dfenfels, 1683)<\/figcaption><\/figure>\n<\/div>\n<\/div>\n","protected":false},"featured_media":0,"template":"","class_list":["post-722","pano_objects","type-pano_objects","status-publish","hentry","entry"],"acf":[],"_links":{"self":[{"href":"https:\/\/rundgang.museum-weissenfels.de\/en\/wp-json\/wp\/v2\/pano_objects\/722","targetHints":{"allow":["GET"]}}],"collection":[{"href":"https:\/\/rundgang.museum-weissenfels.de\/en\/wp-json\/wp\/v2\/pano_objects"}],"about":[{"href":"https:\/\/rundgang.museum-weissenfels.de\/en\/wp-json\/wp\/v2\/types\/pano_objects"}],"wp:attachment":[{"href":"https:\/\/rundgang.museum-weissenfels.de\/en\/wp-json\/wp\/v2\/media?parent=722"}],"curies":[{"name":"wp","href":"https:\/\/api.w.org\/{rel}","templated":true}]}}

Das Deckengemälde

<div class="wp-block-columns is-layout-flex wp-container-core-columns-is-layout-9d6595d7 wp-block-columns-is-layout-flex">
<div class="wp-block-column is-layout-flow wp-block-column-is-layout-flow" style="flex-basis:66.66%">
<p>Nach Studienaufenthalten in Italien wirkte der Maler Johann Oswald Harms (1643–1708) u.a. am herzoglichen Hof in Zeitz sowie am kurfürstlichen Hof in Dresden. Ab 1682 schuf er dieses und einige andere Deckengemälde am Weißenfelser Schlossneubau aus. Sein Entwurf für das ovale Deckengemälde, das eine illusionistische Kuppeluntersicht zeigt, ist erhalten. Von der Ausführung existiert allerdings nur noch ein Fragment. Auch im ehemaligen Blauen Gemach der Herzogin werden Reste eines Deckengemäldes von Harms vermutet.</p>



<p>1686 ging der Maler nach Braunschweig, wo er 1708 starb. Im dortigen Herzog Anton Ulrich-Museum wird sein umfangreicher Nachlass aufbewahrt – darunter seine Entwürfe für die Deckengemälde des Weißenfelser Schlosses.</p>
</div>



<div class="wp-block-column is-layout-flow wp-block-column-is-layout-flow" style="flex-basis:33.33%">
<figure class="wp-block-image size-full"><a href="https://rundgang.museum-weissenfels.de/wp-content/uploads/2022/03/gr_Vorzimmer_Harms.jpg" rel="lightbox[722]"><img loading="lazy" decoding="async" width="800" height="590" src="https://rundgang.museum-weissenfels.de/wp-content/uploads/2022/03/gr_Vorzimmer_Harms.jpg" alt="" class="wp-image-935" srcset="https://rundgang.museum-weissenfels.de/wp-content/uploads/2022/03/gr_Vorzimmer_Harms.jpg 800w, https://rundgang.museum-weissenfels.de/wp-content/uploads/2022/03/gr_Vorzimmer_Harms-300x221.jpg 300w, https://rundgang.museum-weissenfels.de/wp-content/uploads/2022/03/gr_Vorzimmer_Harms-768x566.jpg 768w, https://rundgang.museum-weissenfels.de/wp-content/uploads/2022/03/gr_Vorzimmer_Harms-694x512.jpg 694w, https://rundgang.museum-weissenfels.de/wp-content/uploads/2022/03/gr_Vorzimmer_Harms-347x256.jpg 347w" sizes="auto, (max-width: 800px) 100vw, 800px" /></a><figcaption>Abb. 1: Johann Oswald Harms: Entwurf des Deckengemäldes
(Weißenfels, 1683)</figcaption></figure>
</div>
</div>
