{"id":677,"date":"2022-03-11T21:32:38","date_gmt":"2022-03-11T21:32:38","guid":{"rendered":"https:\/\/rundgang.museum-weissenfels.de\/?post_type=pano_objects&#038;p=677"},"modified":"2022-04-12T11:03:07","modified_gmt":"2022-04-12T11:03:07","slug":"johann-georg-i-der-kurfuerstliche-vorfahr","status":"publish","type":"pano_objects","link":"https:\/\/rundgang.museum-weissenfels.de\/en\/pano_objects\/johann-georg-i-der-kurfuerstliche-vorfahr\/","title":{"rendered":"Johann Georg I. \u2013 Der kurf\u00fcrstliche Vorfahr"},"content":{"rendered":"\n<div class=\"wp-block-columns is-layout-flex wp-container-core-columns-is-layout-9d6595d7 wp-block-columns-is-layout-flex\">\n<div class=\"wp-block-column is-layout-flow wp-block-column-is-layout-flow\" style=\"flex-basis:66.66%\">\n<p>Die Herz\u00f6ge von Sachsen-Wei\u00dfenfels waren Mitglieder des s\u00e4chsischen F\u00fcrstenhauses. Sie f\u00fchrten sich auf Kurf\u00fcrst Johann Georg I. von Sachsen zur\u00fcck. 1652 hatte dieser testamentarisch verf\u00fcgt, dass seine drei j\u00fcngeren S\u00f6hne nach seinem Tod eigene Herrschaftsgebiete regieren sollten. So erhielt sein zweitgeborener Sohn Prinz August 1657 ein eigenes Herzogtum, das sich auf Gebiete in Th\u00fcringen und um die Stadt Wei\u00dfenfels herum erstreckte. Johann Georg I., der Initiator des Wei\u00dfenfelser F\u00fcrstenhauses, war also die entscheidende Verbindungsfigur, um sich zum privilegierten Kreis der kurf\u00fcrstlichen Familien im Deutschen Reich zu z\u00e4hlen. Sein Bildnis erinnerte an diesen Zusammenhang und an den Umstand, dass die Wei\u00dfenfelser Herz\u00f6ge ganz oben in der Erbfolge um Kursachsen standen, falls der Kurf\u00fcrst ohne direkten m\u00e4nnlichen Nachkommen bleiben sollte.<\/p>\n<\/div>\n\n\n\n<div class=\"wp-block-column is-layout-flow wp-block-column-is-layout-flow\" style=\"flex-basis:33.33%\">\n<figure class=\"wp-block-image size-large\"><a href=\"https:\/\/rundgang.museum-weissenfels.de\/wp-content\/uploads\/2022\/03\/Thronsaal_Abb01_JohannGeorg1.jpg\" rel=\"lightbox[677]\"><img loading=\"lazy\" decoding=\"async\" width=\"614\" height=\"1024\" src=\"https:\/\/rundgang.museum-weissenfels.de\/wp-content\/uploads\/2022\/03\/Thronsaal_Abb01_JohannGeorg1-614x1024.jpg\" alt=\"\" class=\"wp-image-682\" srcset=\"https:\/\/rundgang.museum-weissenfels.de\/wp-content\/uploads\/2022\/03\/Thronsaal_Abb01_JohannGeorg1-614x1024.jpg 614w, https:\/\/rundgang.museum-weissenfels.de\/wp-content\/uploads\/2022\/03\/Thronsaal_Abb01_JohannGeorg1-180x300.jpg 180w, https:\/\/rundgang.museum-weissenfels.de\/wp-content\/uploads\/2022\/03\/Thronsaal_Abb01_JohannGeorg1-768x1281.jpg 768w, https:\/\/rundgang.museum-weissenfels.de\/wp-content\/uploads\/2022\/03\/Thronsaal_Abb01_JohannGeorg1-307x512.jpg 307w, https:\/\/rundgang.museum-weissenfels.de\/wp-content\/uploads\/2022\/03\/Thronsaal_Abb01_JohannGeorg1-153x256.jpg 153w, https:\/\/rundgang.museum-weissenfels.de\/wp-content\/uploads\/2022\/03\/Thronsaal_Abb01_JohannGeorg1.jpg 899w\" sizes=\"auto, (max-width: 614px) 100vw, 614px\" \/><\/a><figcaption>Abb. 2: Johann Georg I. von Sachsen (1585\u2013 1656) mit den kurf\u00fcrstlichen Insignien (Kurschwert, Hermelinmantel und Kurhut)<\/figcaption><\/figure>\n<\/div>\n<\/div>\n","protected":false},"featured_media":0,"template":"","class_list":["post-677","pano_objects","type-pano_objects","status-publish","hentry","entry"],"acf":[],"_links":{"self":[{"href":"https:\/\/rundgang.museum-weissenfels.de\/en\/wp-json\/wp\/v2\/pano_objects\/677","targetHints":{"allow":["GET"]}}],"collection":[{"href":"https:\/\/rundgang.museum-weissenfels.de\/en\/wp-json\/wp\/v2\/pano_objects"}],"about":[{"href":"https:\/\/rundgang.museum-weissenfels.de\/en\/wp-json\/wp\/v2\/types\/pano_objects"}],"wp:attachment":[{"href":"https:\/\/rundgang.museum-weissenfels.de\/en\/wp-json\/wp\/v2\/media?parent=677"}],"curies":[{"name":"wp","href":"https:\/\/api.w.org\/{rel}","templated":true}]}}

Johann Georg I. – Der kurfürstliche Vorfahr

<div class="wp-block-columns is-layout-flex wp-container-core-columns-is-layout-9d6595d7 wp-block-columns-is-layout-flex">
<div class="wp-block-column is-layout-flow wp-block-column-is-layout-flow" style="flex-basis:66.66%">
<p>Die Herzöge von Sachsen-Weißenfels waren Mitglieder des sächsischen Fürstenhauses. Sie führten sich auf Kurfürst Johann Georg I. von Sachsen zurück. 1652 hatte dieser testamentarisch verfügt, dass seine drei jüngeren Söhne nach seinem Tod eigene Herrschaftsgebiete regieren sollten. So erhielt sein zweitgeborener Sohn Prinz August 1657 ein eigenes Herzogtum, das sich auf Gebiete in Thüringen und um die Stadt Weißenfels herum erstreckte. Johann Georg I., der Initiator des Weißenfelser Fürstenhauses, war also die entscheidende Verbindungsfigur, um sich zum privilegierten Kreis der kurfürstlichen Familien im Deutschen Reich zu zählen. Sein Bildnis erinnerte an diesen Zusammenhang und an den Umstand, dass die Weißenfelser Herzöge ganz oben in der Erbfolge um Kursachsen standen, falls der Kurfürst ohne direkten männlichen Nachkommen bleiben sollte.</p>
</div>



<div class="wp-block-column is-layout-flow wp-block-column-is-layout-flow" style="flex-basis:33.33%">
<figure class="wp-block-image size-large"><a href="https://rundgang.museum-weissenfels.de/wp-content/uploads/2022/03/Thronsaal_Abb01_JohannGeorg1.jpg" rel="lightbox[677]"><img loading="lazy" decoding="async" width="614" height="1024" src="https://rundgang.museum-weissenfels.de/wp-content/uploads/2022/03/Thronsaal_Abb01_JohannGeorg1-614x1024.jpg" alt="" class="wp-image-682" srcset="https://rundgang.museum-weissenfels.de/wp-content/uploads/2022/03/Thronsaal_Abb01_JohannGeorg1-614x1024.jpg 614w, https://rundgang.museum-weissenfels.de/wp-content/uploads/2022/03/Thronsaal_Abb01_JohannGeorg1-180x300.jpg 180w, https://rundgang.museum-weissenfels.de/wp-content/uploads/2022/03/Thronsaal_Abb01_JohannGeorg1-768x1281.jpg 768w, https://rundgang.museum-weissenfels.de/wp-content/uploads/2022/03/Thronsaal_Abb01_JohannGeorg1-307x512.jpg 307w, https://rundgang.museum-weissenfels.de/wp-content/uploads/2022/03/Thronsaal_Abb01_JohannGeorg1-153x256.jpg 153w, https://rundgang.museum-weissenfels.de/wp-content/uploads/2022/03/Thronsaal_Abb01_JohannGeorg1.jpg 899w" sizes="auto, (max-width: 614px) 100vw, 614px" /></a><figcaption>Abb. 2: Johann Georg I. von Sachsen (1585– 1656) mit den kurfürstlichen Insignien (Kurschwert, Hermelinmantel und Kurhut)</figcaption></figure>
</div>
</div>
