{"id":675,"date":"2022-03-11T21:28:07","date_gmt":"2022-03-11T21:28:07","guid":{"rendered":"https:\/\/rundgang.museum-weissenfels.de\/?post_type=pano_objects&#038;p=675"},"modified":"2022-04-12T11:05:31","modified_gmt":"2022-04-12T11:05:31","slug":"johann-adolph-i-der-beharrliche-vollender","status":"publish","type":"pano_objects","link":"https:\/\/rundgang.museum-weissenfels.de\/en\/pano_objects\/johann-adolph-i-der-beharrliche-vollender\/","title":{"rendered":"Johann Adolph I. \u2013 Der beharrliche Vollender"},"content":{"rendered":"\n<div class=\"wp-block-columns is-layout-flex wp-container-core-columns-is-layout-9d6595d7 wp-block-columns-is-layout-flex\">\n<div class=\"wp-block-column is-layout-flow wp-block-column-is-layout-flow\" style=\"flex-basis:66.66%\">\n<p>Johann Adolph \u00fcbernahm im Sommer 1680 die Regierung im Herzogtum Sachsen-Wei\u00dfenfels. Er hatte mit erheblichen Finanzproblemen zu k\u00e4mpfen und musste nach dem Verlust des Magdeburger Erzbistums seinen Regierungssitz von Halle (Saale) nach Wei\u00dfenfels verlegen. Das neue Residenzschloss war zu diesem Zeitpunkt noch Baustelle: Erst 1695 war es weitgehend fertiggestellt. Bei den Kurf\u00fcrsten in Dresden genoss Johann Adolph sehr gro\u00dfes Ansehen, zeitweilig f\u00fchrte er den Ehrentitel \u201eKurprinz\u201c. Er hinterlie\u00df ein gefestigtes Herzogtum.<\/p>\n<\/div>\n\n\n\n<div class=\"wp-block-column is-layout-flow wp-block-column-is-layout-flow\" style=\"flex-basis:33.33%\">\n<figure class=\"wp-block-image size-large\"><a href=\"https:\/\/rundgang.museum-weissenfels.de\/wp-content\/uploads\/2022\/03\/Thronsaal_Abb04_JohannAdolph.jpg\" rel=\"lightbox[675]\"><img loading=\"lazy\" decoding=\"async\" width=\"700\" height=\"1024\" src=\"https:\/\/rundgang.museum-weissenfels.de\/wp-content\/uploads\/2022\/03\/Thronsaal_Abb04_JohannAdolph-700x1024.jpg\" alt=\"\" class=\"wp-image-683\" srcset=\"https:\/\/rundgang.museum-weissenfels.de\/wp-content\/uploads\/2022\/03\/Thronsaal_Abb04_JohannAdolph-700x1024.jpg 700w, https:\/\/rundgang.museum-weissenfels.de\/wp-content\/uploads\/2022\/03\/Thronsaal_Abb04_JohannAdolph-205x300.jpg 205w, https:\/\/rundgang.museum-weissenfels.de\/wp-content\/uploads\/2022\/03\/Thronsaal_Abb04_JohannAdolph-768x1124.jpg 768w, https:\/\/rundgang.museum-weissenfels.de\/wp-content\/uploads\/2022\/03\/Thronsaal_Abb04_JohannAdolph-350x512.jpg 350w, https:\/\/rundgang.museum-weissenfels.de\/wp-content\/uploads\/2022\/03\/Thronsaal_Abb04_JohannAdolph-175x256.jpg 175w, https:\/\/rundgang.museum-weissenfels.de\/wp-content\/uploads\/2022\/03\/Thronsaal_Abb04_JohannAdolph.jpg 1025w\" sizes=\"auto, (max-width: 700px) 100vw, 700px\" \/><\/a><figcaption>Abb. 4: Herzog Johann Adolph I. von\nSachsen-Wei\u00dfenfels (1649\u20131697)\nvor dem Wei\u00dfenfelser\nResidenzschloss<\/figcaption><\/figure>\n<\/div>\n<\/div>\n","protected":false},"featured_media":0,"template":"","class_list":["post-675","pano_objects","type-pano_objects","status-publish","hentry","entry"],"acf":[],"_links":{"self":[{"href":"https:\/\/rundgang.museum-weissenfels.de\/en\/wp-json\/wp\/v2\/pano_objects\/675","targetHints":{"allow":["GET"]}}],"collection":[{"href":"https:\/\/rundgang.museum-weissenfels.de\/en\/wp-json\/wp\/v2\/pano_objects"}],"about":[{"href":"https:\/\/rundgang.museum-weissenfels.de\/en\/wp-json\/wp\/v2\/types\/pano_objects"}],"wp:attachment":[{"href":"https:\/\/rundgang.museum-weissenfels.de\/en\/wp-json\/wp\/v2\/media?parent=675"}],"curies":[{"name":"wp","href":"https:\/\/api.w.org\/{rel}","templated":true}]}}

<div class="wp-block-columns is-layout-flex wp-container-core-columns-is-layout-9d6595d7 wp-block-columns-is-layout-flex">
<div class="wp-block-column is-layout-flow wp-block-column-is-layout-flow" style="flex-basis:66.66%">
<p>Johann Adolph übernahm im Sommer 1680 die Regierung im Herzogtum Sachsen-Weißenfels. Er hatte mit erheblichen Finanzproblemen zu kämpfen und musste nach dem Verlust des Magdeburger Erzbistums seinen Regierungssitz von Halle (Saale) nach Weißenfels verlegen. Das neue Residenzschloss war zu diesem Zeitpunkt noch Baustelle: Erst 1695 war es weitgehend fertiggestellt. Bei den Kurfürsten in Dresden genoss Johann Adolph sehr großes Ansehen, zeitweilig führte er den Ehrentitel „Kurprinz“. Er hinterließ ein gefestigtes Herzogtum.</p>
</div>



<div class="wp-block-column is-layout-flow wp-block-column-is-layout-flow" style="flex-basis:33.33%">
<figure class="wp-block-image size-large"><a href="https://rundgang.museum-weissenfels.de/wp-content/uploads/2022/03/Thronsaal_Abb04_JohannAdolph.jpg" rel="lightbox[675]"><img loading="lazy" decoding="async" width="700" height="1024" src="https://rundgang.museum-weissenfels.de/wp-content/uploads/2022/03/Thronsaal_Abb04_JohannAdolph-700x1024.jpg" alt="" class="wp-image-683" srcset="https://rundgang.museum-weissenfels.de/wp-content/uploads/2022/03/Thronsaal_Abb04_JohannAdolph-700x1024.jpg 700w, https://rundgang.museum-weissenfels.de/wp-content/uploads/2022/03/Thronsaal_Abb04_JohannAdolph-205x300.jpg 205w, https://rundgang.museum-weissenfels.de/wp-content/uploads/2022/03/Thronsaal_Abb04_JohannAdolph-768x1124.jpg 768w, https://rundgang.museum-weissenfels.de/wp-content/uploads/2022/03/Thronsaal_Abb04_JohannAdolph-350x512.jpg 350w, https://rundgang.museum-weissenfels.de/wp-content/uploads/2022/03/Thronsaal_Abb04_JohannAdolph-175x256.jpg 175w, https://rundgang.museum-weissenfels.de/wp-content/uploads/2022/03/Thronsaal_Abb04_JohannAdolph.jpg 1025w" sizes="auto, (max-width: 700px) 100vw, 700px" /></a><figcaption>Abb. 4: Herzog Johann Adolph I. von
Sachsen-Weißenfels (1649–1697)
vor dem Weißenfelser
Residenzschloss</figcaption></figure>
</div>
</div>
